actors of r.
3, 79
Let p(j) = -j**3 + 14*j**2 - 14*j + 16. Let u be p(13). Suppose -x = -8*w + 5*w + 149, w - u*x = 55. What are the prime factors of w?
7
Suppose r + 8 = 5*r - 2*v, 0 = -3*v. Suppose -r*x + 10*x = 56. List the prime factors of x.
7
Let n(j) = j + 9. Let f be n(-8). Let r be -8*f*4/(-2). Let m = r + -13. What are the prime factors of m?
3
Let y = 409 + -411. Let c(n) = -2 - 24*n - 2 + 0*n. What are the prime factors of c(y)?
2, 11
Suppose -1771 = -6*q + 755. What are the prime factors of q?
421
Suppose -4*s + 35 = -25. Let b = s - 12. Suppose -80 = v - b*v. List the prime factors of v.
2, 5
Let s = -116 + 118. Suppose -4*l + 2*n = -976, -872 = -s*l - 4*n - 364. What are the prime factors of l?
2, 3, 41
Let c(j) = -j**3 - 5*j**2 + 3*j - 14. Let w be c(-6). Suppose -r + s = 3*s - 154, -w*s = r - 150. What are the prime factors of r?
2, 79
Suppose -i + 3*j = -17, 0*i + 2*j + 18 = 4*i. Suppose -2*y = -i - 6. Suppose -2*l = y*l - 162. List the prime factors of l.
3
Let a(w) = 5*w + 41. Let v be a(-3). Suppose 4*x + 0*h + 3*h = -41, h = -x - 10. Let u = v - x. List the prime factors of u.
37
Let u(r) = 10*r**3 - 17*r**3 + 2 + 20*r**2 + 39*r - 23 + 8*r**3. List the prime factors of u(-17).
3, 61
Let x = 813 - 481. List the prime factors of x.
2, 83
Suppose -25246 = 267*o - 280*o. What are the prime factors of o?
2, 971
Suppose y + i + 26 = 0, -7*y + 4*i = -2*y + 94. Let f = 26 + y. Suppose 0 = -l - h + 24 - 6, 0 = -3*l - f*h + 58. What are the prime factors of l?
2, 7
Let y(w) = 14*w**2 + 26*w + 38. List the prime factors of y(-12).
2, 13, 67
Let w(t) = t**2 + 8*t - 70. List the prime factors of w(19).
443
Let b be 690/14 + (-12)/42. Let h = 4 + b. List the prime factors of h.
53
Let u = 7581 + -5086. List the prime factors of u.
5, 499
Let w(q) = -6*q - 4. Let d be w(-1). Let c = 27 - d. List the prime factors of c.
5
Suppose -10*h = -130 - 1580. List the prime factors of h.
3, 19
Suppose 2*p + 152 = 914. What are the prime factors of p?
3, 127
Let x = -8 + -3. Let w = -47 + 25. Let b = x - w. What are the prime factors of b?
11
Let y = 81 + -86. Let m(b) = -1 + b - 3*b**2 + 4*b**2 - 9*b. List the prime factors of m(y).
2
Suppose h - 9 - 4 = -p, -3*h = -4*p + 73. Suppose s + 3*s + 3*w - 23 = 0, 0 = -3*s - 2*w + p. What are the prime factors of (-44)/(s*1/(-1))?
2, 11
Suppose 5*x - 21 = -2*k - 2, 2*x = 3*k. Suppose 0 = x*t - 20 - 112. What are the prime factors of 27*(t/12 + -3)?
2, 3
Suppose 2 = y - 12. Suppose -7*m = -8*m - 3*n + 18, 3*m = -n + y. List the prime factors of m.
3
Let d = -4086 + 6899. List the prime factors of d.
29, 97
Let z(t) = -44*t + 12. List the prime factors of z(-46).
2, 509
What are the prime factors of ((-1062)/7)/(13/(182/(-2)))?
2, 3, 59
Let d = -202 - -482. What are the prime factors of d?
2, 5, 7
Suppose 0 = -b - b + 8. Suppose 4*p - 2*p - b*x - 32 = 0, 0 = 4*p + 3*x - 86. Suppose 3*n - p = -n. List the prime factors of n.
5
Let v(u) = u - 4. Let o be v(0). List the prime factors of 258/o*(-16)/12.
2, 43
Let l be 60*(-9)/(180/(-16)). What are the prime factors of (-112)/(-11) - l/264?
2, 5
Let p = 739 + 356. List the prime factors of p.
3, 5, 73
Let z(i) = -2*i**3 - 6*i**2 - i - 1. Let m(s) = 2*s + 5. Let f be m(0). Let p be 2*-1 - 10/f. What are the prime factors of z(p)?
5, 7
Let n(d) = 7*d**2 - 6*d + 6. Let j be n(5). Suppose -2*t = 13 - j. List the prime factors of t.
3, 23
Let f(r) = r**2 + 3. Let q be f(0). Let n be (-6)/(-2)*(-310)/(-93). Suppose 0 = -q*x + 29 + n. List the prime factors of x.
13
Suppose 2*f - 10 = -4*w - 46, 2*f - 24 = 2*w. Let o = 297 - 77. List the prime factors of (4/(-2))/(w/o).
2, 11
Suppose 5*i = -t + 623, 3*t + 15*i - 1859 = 10*i. What are the prime factors of t?
2, 3, 103
Let p = -437 - -1638. List the prime factors of p.
1201
Let l(g) = -20*g - 16 + 27 + 7. List the prime factors of l(-11).
2, 7, 17
Let z(g) = -g**3 + 14*g**2 + 2*g - 20. Let l be z(10). Let a = l - 155. What are the prime factors of a?
5, 7
Suppose 0 = -12*q + 16689 + 6147. What are the prime factors of q?
11, 173
Let i be (-10)/(-25) + 58/5. Let f(j) = j**2 - 7*j - 30. List the prime factors of f(i).
2, 3, 5
Let l(c) = -2*c**3 - 42*c**2 + 22*c - 70. What are the prime factors of l(-22)?
2, 3, 23
Suppose u = 2*h - 15, 2*h = -0*u + 3*u + 9. Let g(p) = 4*p + 21. What are the prime factors of g(h)?
3, 19
List the prime factors of (402/(-469))/(2/(-1358)).
2, 3, 97
Suppose -4*b - 259 - 449 = 0. Let f = 313 + b. Suppose -d - y + 18 = -12, 5*d - 2*y = f. What are the prime factors of d?
2, 7
Suppose -8*a + 6 = -10. Suppose -180 = -5*z - 0*n + 2*n, 5*n = a*z - 51. List the prime factors of z.
2, 19
Suppose -4*j - 74 = -5*k, -4*k - 56*j + 54*j = -54. What are the prime factors of k?
2, 7
What are the prime factors of (-6)/4*4 + 295?
17
Let u(t) = t**2 - 17*t + 73. What are the prime factors of u(-11)?
3, 127
Let h = 7 - -2. Let z = h + 63. What are the prime factors of z?
2, 3
Suppose 3*u = -0 + 12. Suppose 173 = 3*f + 3*n - 37, u*f - 5*n = 262. List the prime factors of f.
2, 17
Let g = 4781 + -2289. List the prime factors of g.
2, 7, 89
Let v = -240 + 641. What are the prime factors of v?
401
Suppose q = -2*b + 2861, 2*q = -b + 3*b + 5734. What are the prime factors of q?
3, 5, 191
Suppose 3*y + g + 85 = -g, 5*y + 5*g + 135 = 0. Let x(j) = -11*j - 4. Let c be x(-6). Let d = c + y. List the prime factors of d.
31
Let y be (-5)/(-30) - (-133)/(-6). Let z = y + 254. What are the prime factors of z?
2, 29
What are the prime factors of (-7765)/(-25) - (-12)/(-150)*-5?
311
What are the prime factors of 2/17 - (-533940)/255?
2, 3, 349
Let r(l) = l**2 + 4*l - 16. Let v be r(-8). Let m = 20 - v. List the prime factors of m.
2
Let b = -49 - -69. Let j = b + 60. What are the prime factors of j?
2, 5
Suppose 3*z + 2*a - 9 = 0, a = -3*z + 11 - 2. Suppose -15 = 2*w + z*w, 5*d - 5*w - 645 = 0. What are the prime factors of d?
2, 3, 7
Suppose -6*g + g = -5*o, o + 6 = 3*g. Suppose g*v = -5*x - 22, 0 = 2*v - 0*v - 4*x. What are the prime factors of (-44)/v*(0 + 1)?
11
Let v(m) = -34*m**2 - 2*m - 1. Let j be v(-1). What are the prime factors of (31/5 - -1)*(-18 - j)?
2, 3
Suppose -28*m + 30*m - 8 = 0. Suppose y = a + 52, 0 = m*y + 4*a - 291 + 83. List the prime factors of y.
2, 13
Suppose -f + 4*l = 54, -2*l + 0*l + 216 = -5*f. Let t = -39 - f. What are the prime factors of t?
3
Suppose 5*p = 20*p - 5040. What are the prime factors of p?
2, 3, 7
Let t be (9/6)/(6/20). Suppose -2*n = 2*j - 292, 0*j - 4*j = -t*n - 611. Suppose -j = -4*k - 41. List the prime factors of k.
3
Let o(d) = -196*d + 79. List the prime factors of o(-5).
3, 353
Let t(i) = i - 16. Let m be t(12). What are the prime factors of (-7)/(1/m - 0)?
2, 7
Let n = -3 - -158. Suppose -9*d + 133 = -n. What are the prime factors of d?
2
Let o(j) = -j**3 + 11*j**2 - 22*j + 17. What are the prime factors of o(8)?
3, 11
Suppose 14*f - 9*f = 8160. What are the prime factors of f?
2, 3, 17
Suppose 124*c = 20*c + 571376. List the prime factors of c.
2, 41, 67
Suppose 11*v - 9*v = 0. Suppose -3*f + d + 242 = -v*d, -160 = -2*f + d. List the prime factors of f.
2, 41
Suppose 20*b - 106965 + 40645 = 0. List the prime factors of b.
2, 829
Suppose -179 - 66 = -5*t. Suppose 0 = -n + 95 + t. List the prime factors of n.
2, 3
Let k be 12 - (-1 + 3)*2. Let c = k + -6. What are the prime factors of (-302)/(-8) - c/(-8)?
2, 19
Suppose 13*v = 10*v + 840. What are the prime factors of v?
2, 5, 7
Let b = 20 + -20. Suppose b = c + c - 12. Suppose 0 = -4*i + c*i - 92. List the prime factors of i.
2, 23
Suppose 12 = 4*y, -381 = -5*z - y + 122. Let x = 3 + -1. Suppose 0 = 3*n + x*n - z. What are the prime factors of n?
2, 5
Suppose 24 = 5*c - 36. Let g be (2 + 3)*(-4 - -2). Let m = c - g. What are the prime factors of m?
2, 11
What are the prime factors of (3 + -1 - -3) + (-7108)/(-4)?
2, 3, 11
Let u = 756 - 316. What are the prime factors of u?
2, 5, 11
Let d = -21 + 23. Suppose 0 = 3*z - 5*g - 181, 5*z - g - d*g = 323. What are the prime factors of z?
67
Suppose 60 = 16*p - 21*p. List the prime factors of (-58)/(-4) - 6/p.
3, 5
Suppose 10632 = 25*z - 13*z. List the prime factors of z.
2, 443
Let b(l) = 376*l - 8. What are the prime factors of b(4)?
2, 11, 17
Let r = 166 + -64. Suppose s 